factors of 170220806.
2, 7, 223, 7789
List the prime factors of 1137107126.
2, 1123, 506281
What are the prime factors of 239495560?
2, 5, 5987389
List the prime factors of 705646549.
59, 11960111
List the prime factors of 5138808920.
2, 5, 7, 47, 390487
List the prime factors of 61967215.
5, 12393443
What are the prime factors of 59967487?
2083, 28789
What are the prime factors of 1178826403?
61, 19325023
List the prime factors of 412320655.
5, 23, 53, 61, 1109
What are the prime factors of 794771378?
2, 421, 943909
List the prime factors of 4702161019.
17, 276597707
What are the prime factors of 422964783?
3, 6763, 6949
What are the prime factors of 1567182375?
3, 5, 11, 126641
What are the prime factors of 102936964?
2, 13, 103, 19219
What are the prime factors of 591782152?
2, 13, 5690213
What are the prime factors of 8441091101?
47, 179597683
What are the prime factors of 557846487?
3, 11, 283, 6637
What are the prime factors of 3201446561?
29, 110394709
What are the prime factors of 62891038?
2, 7, 109, 41213
What are the prime factors of 79853419?
331, 241249
List the prime factors of 2683304535.
3, 5, 5101, 35069
What are the prime factors of 1717508393?
1717508393
What are the prime factors of 101416849?
17, 5965697
What are the prime factors of 1657691604?
2, 3, 23, 83, 24121
List the prime factors of 30307604.
2, 43, 176207
List the prime factors of 28581005.
5, 211, 27091
What are the prime factors of 859079882?
2, 429539941
What are the prime factors of 184774316?
2, 19, 2431241
What are the prime factors of 13921509?
3, 7, 19, 23, 37, 41
List the prime factors of 37369342.
2, 23, 29, 109, 257
What are the prime factors of 179815294?
2, 3299, 27253
List the prime factors of 100173779.
47, 83, 25679
List the prime factors of 85154482.
2, 7, 541, 11243
List the prime factors of 984364602.
2, 3, 13, 769, 16411
What are the prime factors of 25177950?
2, 3, 5, 7, 7993
What are the prime factors of 2984749161?
3, 31, 32094077
What are the prime factors of 1027591133?
29, 35434177
What are the prime factors of 345659036?
2, 86414759
What are the prime factors of 191254963?
73, 2619931
List the prime factors of 83086650.
2, 3, 5, 17, 10861
What are the prime factors of 1534839229?
7, 11, 19932977
List the prime factors of 100434220.
2, 5, 607, 8273
List the prime factors of 1398082478.
2, 13, 43, 1250521
What are the prime factors of 6199368402?
2, 3, 1033228067
List the prime factors of 201824124.
2, 3, 16818677
List the prime factors of 2380057937.
2380057937
What are the prime factors of 238700153?
1171, 203843
What are the prime factors of 8650356?
2, 3, 11, 13, 71
What are the prime factors of 94480116?
2, 3, 43, 283, 647
List the prime factors of 5832633857.
5832633857
List the prime factors of 388712950.
2, 5, 97, 80147
List the prime factors of 91400081.
6673, 13697
List the prime factors of 955053121.
11, 661, 11941
What are the prime factors of 560374901?
131, 4277671
List the prime factors of 6026851.
23, 67, 3911
List the prime factors of 1825494944.
2, 7, 13, 626887
What are the prime factors of 1939433?
29, 66877
What are the prime factors of 356323334?
2, 9343, 19069
What are the prime factors of 100949738?
2, 50474869
What are the prime factors of 3599423889?
3, 17, 47, 61, 103, 239
List the prime factors of 67882463.
11, 83, 149, 499
What are the prime factors of 36949203?
3, 317, 1439
What are the prime factors of 531832303?
11087, 47969
List the prime factors of 96651312.
2, 3, 193, 10433
What are the prime factors of 20095291?
61, 329431
List the prime factors of 111990953.
29, 79, 48883
List the prime factors of 14252208.
2, 3, 296921
List the prime factors of 729707101.
47, 15525683
List the prime factors of 172214575.
5, 13, 19, 167
What are the prime factors of 319289050?
2, 5, 6385781
What are the prime factors of 901561107?
3, 23, 263, 49681
List the prime factors of 42381725.
5, 97, 17477
What are the prime factors of 2558547?
3, 10529
List the prime factors of 49758744.
2, 3, 7, 296183
List the prime factors of 222989984.
2, 7, 71, 2003
What are the prime factors of 3158987226?
2, 3, 17, 29, 223, 4789
List the prime factors of 287339792.
2, 1663, 10799
What are the prime factors of 17803818?
2, 3, 71, 13931
What are the prime factors of 335102594?
2, 23, 41, 177679
List the prime factors of 521194134.
2, 3, 31, 199, 14081
What are the prime factors of 1021391956?
2, 13, 37, 530869
List the prime factors of 352453860.
2, 3, 5, 11, 17, 37, 283
List the prime factors of 687913616.
2, 13, 3307277
What are the prime factors of 534346538?
2, 11, 19, 1278341
What are the prime factors of 1582242875?
5, 12657943
What are the prime factors of 13406974?
2, 7, 957641
What are the prime factors of 85622641?
13, 6586357
List the prime factors of 4739493726.
2, 3, 11, 23936837
What are the prime factors of 69334395?
3, 5, 13, 107, 3323
What are the prime factors of 4627952227?
19, 223, 883, 1237
List the prime factors of 189044575.
5, 47, 349, 461
What are the prime factors of 2924790?
2, 3, 5, 11, 8863
List the prime factors of 1286260693.
29, 44353817
What are the prime factors of 4412062229?
61, 72328889
What are the prime factors of 2139786428?
2, 13, 107, 384577
List the prime factors of 1203459799.
193, 6235543
List the prime factors of 269586541.
7, 977, 39419
What are the prime factors of 76267594?
2, 13, 827, 3547
List the prime factors of 7156993.
73, 98041
What are the prime factors of 866670018?
2, 3, 37, 383, 10193
List the prime factors of 22703466.
2, 3, 17, 103, 2161
What are the prime factors of 1837382395?
5, 79, 4651601
What are the prime factors of 159165161?
159165161
List the prime factors of 5692768923.
3, 19, 5256481
List the prime factors of 3791113656.
2, 3, 11, 2389, 6011
List the prime factors of 1986101414.
2, 11, 103, 876479
What are the prime factors of 2722372480?
2, 5, 4253707
List the prime factors of 52295337.
3, 5810593
List the prime factors of 34269578.
2, 7, 19, 128833
List the prime factors of 594943695.
3, 5, 13220971
What are the prime factors of 77281030?
2, 5, 7728103
What are the prime factors of 391360416?
2, 3, 41, 99431
List the prime factors of 1928727552.
2, 3, 627841
What are the prime factors of 2955241981?
2955241981
What are the prime factors of 2935630863?
3, 11, 9884279
List the prime factors of 180270652.
2, 17, 2651039
List the prime factors of 85920137.
277, 310181
What are the prime factors of 5091124192?
2, 7, 11, 2066203
What are the prime factors of 54727774?
2, 367, 74561
List the prime factors of 162387075.
3, 5, 499, 4339
List the prime factors of 24841747.
7, 311, 11411
List the prime factors of 69732772.
2, 47, 370919
List the prime factors of 567901633.
13, 1373, 31817
What are the prime factors of 289762539?
3, 11, 41, 214163
What are the prime factors of 40641640?
2, 5, 13, 78157
What are the prime factors of 8969261?
7, 31, 41333
What are the prime factors of 7807520582?
2, 3903760291
What are the prime factors of 204779957?
204779957
List the prime factors of 8319195863.
11, 756290533
List the prime factors of 697525830.
2, 3, 5, 23, 37441
What are the prime factors of 920150079?
3, 306716693
List the prime factors of 461675467.
11, 31, 1353887
What are the prime factors of 5436599360?
2, 5, 16989373
What are the prime factors of 3454556769?
3, 181, 2909
List the prime factors of 104128877.
421, 247337
List the prime factors of 3541125598.
2, 31, 2087, 27367
List the prime factors of 434170403.
257, 1689379
List the prime factors of 4428392170.
2, 5, 23, 47, 409657
List the prime factors of 17957937.
3, 53, 2131
What are the prime factors of 2847268977?
3, 7, 47, 193, 14947
List the prime factors of 61182290.
2, 5, 13, 197, 2389
List the prime factors of 1014892299.
3, 17, 6633283
List the prime factors of 579910527.
3, 7, 67, 137387
What are the prime factors of 41816916?
2, 3, 1161581
What are the prime factors of 7202971?
569, 12659
What are the prime factors of 442860809?
442860809
What are the prime factors of 550611931?
550611931
What are the prime factors of 72508219?
7, 83, 124799
What are the prime factors of 241801592?
2, 30225199
What are the prime factors of 1510587670?
2, 5, 29, 5208923
What are the prime factors of 540530828?
2, 1571,